c - 42 - 19 - 23. Determine b(-5).
69
Let z be -14 + 13 + (-14)/(-2). Suppose -3*l - 4*y = -z*l + 32, -34 = -5*l - 3*y. Let u = l - 12. Let h(m) = -m**3 - 4*m**2 - m - 2. What is h(u)?
2
Let o(h) = 33*h - 46. Let m(u) = 9*u + 1. Let c(f) = -4*m(f) + o(f). Give c(-16).
-2
Let l = 129 + -122. Let h(t) = 6*t - l*t + 22 - 7. Determine h(9).
6
Let w(a) = a. Let u be w(6). Let p(z) = -46*z**2 - 3 + 21*z**2 - 5*z + 26*z**2. Let m(d) = -d**2 + 5*d + 4. Let y(x) = -4*m(x) - 3*p(x). What is y(u)?
-1
Let v = -413 - -415. Let r(s) = 203 + 194 + 3*s**v - 397. Give r(-2).
12
Suppose 16 = -4*b + 4*q, 13 + 11 = -5*b + 4*q. Let l = b + 11. Suppose 0 = 2*a + x - 3*x + 12, 16 = -a + l*x. Let k(j) = 6*j**3 + j**2 - j - 1. Give k(a).
-5
Let b(y) = -3*y**3 - y**2 + 3*y + 3. Suppose 0 = -5*g - 3*d + 6*d + 1646, -332 = -g + 2*d. Suppose 5*q - g = -3*q. Let p = q - 43. What is b(p)?
17
Let t = -3 - -14. Let y(c) be the first derivative of c**2/2 - 19*c + 26903. Determine y(t).
-8
Suppose 0 = 5*u + 2*i - 112, 4*u + 3*i - 25 = 3*u. Suppose 2*h + 0*d = -2*d + 4, -5*h + d + u = 0. Let f(j) = j**3 - 4*j**2 + j - 2. Give f(h).
2
Let o(c) be the second derivative of 7/6*c**3 - 1/12*c**4 + 1/2*c**2 - 30*c + 0. Let a be o(6). Let q(r) = r**2 - 10*r + 9. Calculate q(a).
-12
Let h = 23814 + -23823. Let d(y) = -y**3 - 9*y**2 + 4*y + 25. Calculate d(h).
-11
Let h(b) = 8*b**2 + b + 12. Let j(g) be the third derivative of g**5/20 + 2*g**3/3 - 66*g**2. Let f(w) = 4*h(w) - 11*j(w). Determine f(4).
4
Let w(x) = -29*x - 26*x + 55*x + 3*x - 37. Give w(7).
-16
Let a(m) be the first derivative of -m**4/4 - 2*m**3 + 13*m**2/2 + 40*m - 40. Let v be a(-7). Let n(x) = -x**2. Determine n(v).
-4
Let v(u) = -27*u**2 - 18*u + 28. Let n(t) = -22*t**2 - 19*t + 26. Let k(m) = -5*n(m) + 4*v(m). What is k(-12)?
-6
Let l(v) = v**3 + 2*v**2 - 14*v + 3. Suppose -56*p - 525 = 49*p. Give l(p).
-2
Let s be 20/(-6)*(16 - 4)*9/90. Let p(v) = -3*v - 6. Determine p(s).
6
Suppose 3*i = 5*q + 359 - 394, -4*q + 60 = 4*i. Let r(a) = a**3 - 9*a**2 - 15*a + 30. What is r(q)?
-20
Let h(s) be the first derivative of -7*s**3/3 + 42*s**2 + 8*s - 1832. Give h(12).
8
Let j = 8255 + -8256. Let i(p) = -52*p**3 + p**2 + p. What is i(j)?
52
Let p(a) = a**3 + 3*a**2 - 4*a - 5. Let j(v) = -70*v + 6. Let w be j(-1). Let i = w - 136. Let x = i + 56. Give p(x).
-5
Let s(p) = 4*p**2 + 525*p + 2 - 20 - 517*p - 3*p**2. What is s(-9)?
-9
Suppose -13*u + 10 = -3*u. Let x be u/3*-8*(1 - 4). Let n(z) = 176*z - z**3 - 9 - x*z**2 - 187*z + 0*z**3. Give n(-7).
19
Suppose -x - 3*x = -8. Let u(z) = 1064 - 2137 - 5*z + 1069 + 9*z. Give u(x).
4
Let h(z) = -15219*z + 30405*z - 59 - 15210*z. Give h(-6).
85
Let g(v) be the second derivative of v**5/20 - v**4/3 - 7*v**3/6 + 2*v**2 - 6*v. Let p = 8450 - 8445. Calculate g(p).
-6
Let q = -110 - -33. Let x = q + 77. Let h(n) = 1 + 505*n + x - 503*n - 3 + n**2. What is h(-3)?
1
Let h(m) = -2*m**3 + 2*m**2 + m. Let r(n) = n**3 - 2*n**2 - n. Let t(d) = -2*h(d) - 3*r(d). Let q be ((-14)/3 - -5)*-2*303. Let z = 201 + q. Give t(z).
0
Let v(m) = -m**3 + 13*m**2 - 11*m - 1. Let g be (876/(-730))/(2/(-20)). Calculate v(g).
11
Let s(d) be the first derivative of -d**4/2 + 5*d**3/3 - d**2/2 - 4*d + 4731. Let w(k) = k**2 - k - 3. Let h be w(3). Calculate s(h).
-16
Let v = -10 - -5. Let s(n) = -n + 80 - 48 - 44. Calculate s(v).
-7
Let c(a) be the first derivative of -15*a + 1/4*a**4 - 1/2*a**2 - 92 + 16/3*a**3. Calculate c(-16).
1
Let m(q) = q**2 + 11*q + 10. Let z be m(-10). Let w(o) = 8*o - o**3 + 25 - 27 - 4*o + 3*o**2 + z*o. Give w(3).
10
Suppose -f + 276 = 2*p + 58, -4*f = 2*p - 212. Suppose -108*o + 12 = -p*o. Let n(u) = u + 7. Calculate n(o).
1
Let y(v) = -v**2 + 10*v - 21. Let h be y(6). Let p(a) = 7*a - 23. Let z be p(h). Let o(s) = 3*s + 5. Calculate o(z).
-1
Let g(l) = 3486145*l - 3486138*l - 11 - l**3 + 2*l**3 - 5*l**2. What is g(3)?
-8
Let l(p) be the third derivative of p**2 + 0*p + 1/120*p**6 - 1/15*p**5 + 2/3*p**3 + 31 - 1/24*p**4. Let y be (-6 - 0)/(12/(-8)). What is l(y)?
0
Let f(w) = 6*w - 1. Let u(x) = x**2 + 10*x + 62. Let p(s) = -s. Let j(o) = 6*p(o) - u(o). Let t be j(-9). Give f(t).
5
Let i(n) = 666*n + 12. Let x(v) = -277*v - 5. Let d(o) = -5*i(o) - 12*x(o). Suppose 8*b = 6*b + 2. Calculate d(b).
-6
Let f be 15/4 - 3/4. Suppose -f*o = -2*q - 7, 3*q + 20 = 5*o + 7. Let d(w) = 4*w + o*w - 4 - 8*w. What is d(6)?
2
Suppose 14 = w - 2*f, 9*w - 12*w + 28 = -4*f. Let c(u) = -3*u - 124. Give c(w).
-124
Let b(n) = n**2 - 8*n + 9. Suppose 0 = 5*q + 2*t + 15 + 75, 3*q = 5*t - 54. Let s be (-17 + -1)*(-16)/12. Let d = s + q. Calculate b(d).
-3
Let y(a) be the second derivative of -4*a**3/3 - 61*a**2/2 + 3453*a. What is y(-7)?
-5
Suppose -3*a = 7*f - 6*f - 31, -26 = -3*a - 2*f. Let p(t) = -58*t + a*t**2 - 11*t**2 + 55*t + 1. What is p(5)?
11
Suppose -30 = 5*p + 4*f, -p + 4 - 11 = f. Let w(y) be the third derivative of 7*y**4/24 - y**3/3 - 5*y**2. Determine w(p).
-16
Let m(q) = -11*q**2 + 6*q + 18. Let u(g) = -10*g**2 + 2*g - 2. Let k(j) = m(j) - u(j). Determine k(6).
8
Let r = -26641 + 26637. Let o(k) = 2 - 6*k + k + 3*k**2 + 2 + k**3. What is o(r)?
8
Let o(q) = -10*q**2 + q + 1. Suppose 471 = 8*v - 1313. Let w = v + -224. Calculate o(w).
-10
Let u(z) = -6*z - 423. Let k(a) = 17*a + 434. Let b(o) = -2*k(o) - 3*u(o). Calculate b(25).
1
Let m(d) = d**3 - 8*d - 13*d**2 + 22*d + 344670 - 344686. Let u be (6/(-10) + 1)*30. Give m(u).
8
Suppose 0 = -13*a + 167 - 37. Let j(n) = n**2 - 6*n - 7. Calculate j(a).
33
Let j(k) = 85*k + 1. Let v(z) = -184*z - 3. Let b(s) = -13*j(s) - 6*v(s). Determine b(-9).
14
Let y(j) = -6*j + 6. Let l(a) = -5*a + 7. Let i(o) = -5*l(o) + 4*y(o). Let q(z) = 2*z - 23. Let p be 18*(-3)/(12/2). Let s(r) = p*i(r) + 4*q(r). Give s(3).
4
Let b(n) be the first derivative of -3*n**2/2 - 21*n + 1228. Determine b(-12).
15
Let x(a) = -a**2 + 7*a + 80. Let j be x(-6). Suppose j*y = -19*y - 63. Let f(h) = -14*h - 3. What is f(y)?
39
Let q(m) = -11*m - 42. Let g be q(-4). Let n(t) = -6*t - 2*t - g*t - t**2 - 73 + 82 - t. Give n(-11).
9
Let m(v) = v**3 + 3*v**2 - 7*v + 1. Let g = 858 + -432. Suppose 25 = -431*s + g*s. Give m(s).
-14
Suppose 4*f - 12 = 0, 8*m - 5*m + 2*f = 42. Let g(n) = -1057*n**2 - 2*n**3 - m*n - 10 + n**3 + 1066*n**2. Determine g(7).
4
Let b(k) = 28*k**2 - 13*k - 4. Let a(l) = -9*l**2 + 4*l + 1. Let d(c) = -7*a(c) - 2*b(c). Let t(r) be the first derivative of d(r). Determine t(-2).
-30
Let k(b) = 109*b - 6. Let q be k(2). Let m(g) = -4*g**2 + g - 105*g**3 + 4 + q*g**3 - 106*g**3. Give m(4).
8
Let q = -17808 + 17809. Let z(o) = 16*o + 11. Suppose 3*p = 7*p - 20. Let c(a) = -11*a - 7. Let d(s) = p*z(s) + 8*c(s). What is d(q)?
-9
Let q(n) = -n**2 - 8*n + 57. Suppose 1185*x - 10 = 1187*x, 4*x = -d - 15. Calculate q(d).
-8
Suppose 0 = 9*o - 0*o - 54. Let q(y) = -y - y**3 - 6*y**3 + o*y**3 + 0*y**3 - 3*y**2. Calculate q(-3).
3
Let j(m) be the third derivative of m**5/60 + m**4/12 - m**3/3 - 3*m**2. Let z be (8/(-6))/((-4)/(-258)). Let v = z - -82. What is j(v)?
6
Let s(l) = -8*l**3 - l**2 - 10*l + 24. Let u be s(3). Let h = u + 235. Let x(p) = -p**3 + 5*p + 1 + 2*p**2 - 2*p**2 + 3*p**2. Give x(h).
5
Let c(f) = 2*f**2 - 4*f - 2. Suppose 2*n - 1 = 3*g - 6, -5*g = n + 9. Let j(v) = -5*v**3 + v. Let p be j(g). Determine c(p).
14
Suppose 563*p - 505*p = 116. Let t(j) = 15*j - 25. Calculate t(p).
5
Let a(m) be the second derivative of -7*m**3/6 - 27*m**2 + 37*m - 6. Calculate a(-14).
44
Let k be 3*(-12)/(-63) + (-1308)/(-14). Let x = k + -97. Let q(p) = p**3 + 3*p**2 + 3*p + 7. Calculate q(x).
-2
Let h(r) = -2*r**3 - 15*r**2 + 12*r + 23. Let l be ((-344)/72 - -5)/(3/36)*-3. Determine h(l).
-9
Suppose 3*i + 4 = v, -7 = v - 11. Let r(a) = -a - 2. Calculate r(i).
-2
Let z be (-16)/(-96)*6*0. Let c(a) = -a**2 + a - 14. Calculate c(z).
-14
Suppose 1 = -299*g + 298*g. Let j(d) = 5*d**3 + d**2 - 1. Give j(g).
-5
Let i(p) = p**3 + 3*p**2 - 39*p - 1. Suppose 419 = 26*w + 289. Give i(w).
4
Let k = 3240 - 3239. Let o(r) = 56*r**3 + r**2 - r. Calculate o(k).
56
Let j(v) = -5*v**2 - 129*v - 205. Let a be j(-24). Let m(q) = -q**3 + 14*q**2 - 35*q + 18. Determine m(a).
-4
Let b(x) = 3*x - 2*x + 0 + 3. Let k be 40/(-1)*(-6)/24. Let t be 5 - (k - 2) - (5 + -1). Determine b(t).
-4
Let u(r) = r**2 + 14*r +